culate the highest common divisor of 88 and t.
8
Suppose -h = 4 - 18. Suppose h + 0 = 2*a. Let z be a/2*(1 + 1). What is the greatest common divisor of 14 and z?
7
Suppose -4*t - 48 = -8*t + 4*z, -4*z + 42 = 2*t. Suppose -5*o = 0, -3*f - o = t - 51. What is the highest common divisor of f and 60?
12
Suppose -5*n = -7*n + 70. Calculate the highest common divisor of n and 245.
35
Let w be (0/((-2)/1))/(-2). Suppose -2*p = -5*o + 20, -2*o + w*p + 3*p = -19. Calculate the highest common factor of 5 and o.
1
Let m(d) = -14 + 6 + 0*d + 5*d + 6. Let p(c) = -c + 4. Let r be p(0). Let l be m(r). Calculate the greatest common factor of 2 and l.
2
Suppose 36 = i - 2*y, -5*y + 1 = -2*i + 3*i. Calculate the greatest common divisor of 78 and i.
26
Let s = 30 - 15. Calculate the highest common factor of s and 10.
5
Let t be 3 - (-3 + (3 - 0)). Suppose 0 = -3*k + l + 12, -3*k + 5 + 7 = t*l. What is the greatest common divisor of 44 and k?
4
Suppose -168 = 5*u - 19*u. Let c be -2 + (-2)/(-2) - -97. What is the highest common factor of u and c?
12
Let a(w) = -w**2 + 19*w - 28. Let f be a(14). What is the highest common divisor of f and 378?
42
Let o = 4 - -1. Let q(g) = 0 + 2*g + 2 - 3. Let y be q(o). Calculate the highest common factor of y and 6.
3
Let m(a) = a**3 + 13*a**2 + 4. Let q be m(-13). Suppose -q*b + 2 = -3*b. Calculate the highest common factor of 2 and b.
2
Let i = 15 - -65. What is the greatest common factor of i and 20?
20
Let h(g) = -11*g - 1. Let r be h(-1). Let n = -6 + r. What is the greatest common divisor of 28 and n?
4
Let w = 9 - -25. What is the greatest common divisor of 17 and w?
17
Suppose -r + 3*r = 1414. Suppose u = 3*u + 2*a - 354, 0 = -4*u - 3*a + r. What is the greatest common divisor of 16 and u?
16
Let i be (-268)/(-10) - 4/(-20). Suppose 3*x - 3*g - 27 = 0, 0 = 4*x - x + 3*g - i. Suppose -4 = -l + 5. Calculate the highest common divisor of x and l.
9
Suppose 6 = 3*g - 0*g. Let c be ((-4)/g)/1 - -5. Suppose -48 + 9 = -c*r. What is the highest common divisor of 104 and r?
13
Suppose 36 = 5*b + 6. What is the highest common factor of 6 and b?
6
Suppose 3*y - 24 = -105. Let u = -13 - y. Calculate the greatest common factor of 42 and u.
14
Suppose 2*i + 3*s - 10 = 0, -4*i = -0*i + 5*s - 24. Calculate the highest common divisor of 154 and i.
11
Let m = -19 - -33. Let d(h) = 36*h**3 - h**2 + h - 1. Let p be d(1). What is the highest common divisor of p and m?
7
Let x(h) = 2*h**3 - 4*h**2 - 2*h - 4. Let u be x(5). Let p = -79 - -121. Suppose p - 8 = 2*j. What is the highest common factor of j and u?
17
Let p(w) = w**3 - 6*w**2 - 4*w - 9. Let k be p(7). What is the highest common divisor of k and 12?
12
Let x be (1 + 14/8)*4. Let i be 126/3 - 2 - 7. Calculate the highest common factor of x and i.
11
Suppose 0 = x + x - 308. Let m(r) = r. Let j be m(14). Calculate the greatest common divisor of j and x.
14
Let s(w) = -5*w + 5. Let z(g) = -5*g + 4. Let c(f) = 5*s(f) - 6*z(f). Let y be c(-2). Let x = y + 19. What is the greatest common divisor of 2 and x?
2
Let z = 0 + 6. What is the highest common factor of z and 18?
6
Let b(k) = -k**3 + 6*k**2 - 4*k + 3. Let r be b(5). What is the highest common divisor of r and 56?
8
Suppose 4*c = 23 + 17. Let h = 707 - 462. Suppose -w + 0*p + 81 = -p, -3*w + h = -5*p. What is the highest common divisor of w and c?
10
Let g be -5*(2 - 3)*(1 - -2). What is the highest common divisor of g and 3?
3
Let z = -82 - -86. Calculate the greatest common divisor of z and 3.
1
Suppose -187 = 5*u + 13. Let p = 113 - u. Calculate the highest common factor of 17 and p.
17
Let v(p) = -p**3 - 3*p**2 + 4*p + 5. Let o be v(-4). Suppose 194 = o*d - 76. Let y = 10 + 8. Calculate the greatest common factor of d and y.
18
Let v be 60 - 1/((-2)/(-4)). Suppose -v = 3*f + 2. Let l be f/(-8) + (-1)/(-2). What is the highest common factor of 6 and l?
3
Let v be (-376)/(-6)*(-21)/(-14). Suppose v = 2*o - 0*o. Let p = o - -7. What is the highest common divisor of p and 18?
18
Suppose -2*s + 37 = -5. Suppose -2*w = o - 21 - s, 4*o = 4*w - 96. Suppose 33 + w = 5*t. What is the greatest common divisor of 1 and t?
1
Suppose 2*u = -5*r + 36, 0 = -2*r + 2*u + 16 + 4. Suppose 0 = 4*a - 5*a + 51. Let j = a - 11. Calculate the greatest common divisor of j and r.
8
Let h be (-6)/(-5)*(-800)/(-12). What is the greatest common divisor of 32 and h?
16
Let g(h) = 71*h - 1. Suppose -3*q + 16 = u, -4*u - 5*q + 1 = -28. Let w be g(u). Calculate the greatest common factor of 28 and w.
14
Let c(b) = b + 10. Suppose -2*q = -5*q - 18. Let s be c(q). Let a = 22 - 14. What is the highest common factor of s and a?
4
Let q be (-46 - -1)*(-3)/9. Let y be 1/(-2*(-1)/(-18)). Let h = y + q. What is the greatest common divisor of 30 and h?
6
Let w(t) = 175*t**2 - t. Let x be w(-1). Calculate the highest common divisor of x and 16.
16
Let h be (-1)/3 + (-44)/3. Let m = h - -6. Let f be (m/(-6) + -2)*-42. What is the highest common divisor of 147 and f?
21
Suppose z + 0*z - p = -1, -z = -5*p + 17. Suppose 400 = 4*x - 4*f + 3*f, 4*x - z*f - 408 = 0. What is the greatest common factor of x and 9?
9
Let y be (-2)/4 - 315/(-42). What is the highest common divisor of 2 and y?
1
Suppose -3*i + r + 4*r = -26, 0 = 2*i + r. Suppose -4*o = -i*o + 3*w - 24, -2*w - 23 = -3*o. What is the greatest common factor of 9 and o?
9
Let c be 0 + (-3)/6*-2. Suppose 3*w - 51 = -2*p, 3*w + c + 14 = 0. Calculate the highest common divisor of 3 and p.
3
Suppose -4*u - 9 = -21. What is the highest common divisor of u and 12?
3
Let d(j) = -6*j - 30. Let g be d(-11). What is the highest common divisor of g and 54?
18
Suppose -17 = -2*w - 7. Let g = -7 - -3. Let h = g + 9. Calculate the greatest common factor of h and w.
5
Suppose 3 = k + 4. Let a(o) = o**2 + 5*o - 4. Let s be a(-5). Let j = k - s. What is the highest common divisor of 12 and j?
3
Suppose -112 = -4*u + 3*x, 0*x = 5*x + 20. What is the greatest common divisor of u and 75?
25
Let n = -24 - -35. Suppose -b + 11 = -0*b. What is the highest common divisor of b and n?
11
Suppose -j - 5*p = 13, 50 = -3*j + 8*j + 2*p. Calculate the greatest common factor of j and 42.
6
Suppose -o - 2*m = 3*o - 162, 2*o = 2*m + 78. Let k = -1 - -3. Let a be (k*5)/((-3)/(-3)). Calculate the highest common divisor of o and a.
10
Let u be 2/12 - (-284)/24. Let r be 0/((1 - 2)/1). Let l be r/2 - (-6 + -2). What is the highest common divisor of l and u?
4
Suppose 0*d - d + 52 = 0. Let c(k) = 131*k**3 - 2*k**2 - k + 2. Let a be c(1). Calculate the highest common factor of d and a.
26
Let s = -26 - -49. What is the greatest common factor of 69 and s?
23
Let h = 28 + -46. Let c = h - -27. Let d = 0 - -1. Calculate the greatest common divisor of c and d.
1
Let n(a) = -9*a. Let u be n(-2). Calculate the highest common factor of 45 and u.
9
Let v be (-6 - (-22)/4)*(-62)/1. Calculate the highest common divisor of 31 and v.
31
Let t be 4*(-3 + 2)*-5. What is the greatest common factor of t and 30?
10
Let j(r) = -r**2 + 8*r - 5. Let v be j(7). Let i(p) = -20*p + 1 + 2 - v. Let o be i(-6). What is the greatest common factor of o and 11?
11
Suppose -k - k + 44 = 0. Let t be (-288)/(-8) - (4 - 1). What is the greatest common divisor of k and t?
11
Let u(p) = p**2 - 2*p - 12. Let o be u(6). Suppose 10 = -4*y - 2, 3*y + 33 = 4*c. Calculate the greatest common factor of o and c.
6
Let c = 68 - 38. What is the highest common divisor of c and 12?
6
Let o be 32/4 - (2 - 1). Suppose -o*i = -2*i - 100. What is the greatest common divisor of i and 5?
5
Suppose 4*k = -5*h + 404, 2*k = 3*h - 32 + 212. Let f be (4/(-6))/(2/(-15)). Suppose -f*q + q = -48. Calculate the highest common factor of q and k.
12
Let d(z) be the third derivative of -z**6/120 + 2*z**5/15 - 5*z**4/24 + z**3 + z**2. Let p be d(6). What is the highest common divisor of p and 6?
6
Let q(l) = -l**2 + 4*l - 3. Let m be q(2). Calculate the highest common divisor of 4 and m.
1
Let z be 2 + (-2 + 6 - 42). Let x be (-214)/(-8) + (-9)/z. Calculate the highest common divisor of x and 18.
9
Let m(s) = s**2 + 2*s + 5. Let b be m(-4). What is the greatest common factor of b and 26?
13
Let c(a) = a**3 - 3*a**2 - 2*a - 16. Let u be c(5). Calculate the greatest common factor of u and 8.
8
Suppose 20 = -0*w + 5*w. Calc